2640100.
2, 5, 17, 1553
What are the prime factors of 10875372?
2, 3, 19, 47699
List the prime factors of 23734.
2, 11867
What are the prime factors of 5582710?
2, 5, 7, 173, 461
List the prime factors of 426094.
2, 19, 11213
What are the prime factors of 6760213?
6760213
List the prime factors of 3349723.
13, 257671
What are the prime factors of 1359773?
19, 59, 1213
List the prime factors of 8163320.
2, 5, 11, 18553
List the prime factors of 1717.
17, 101
What are the prime factors of 241014?
2, 3, 40169
List the prime factors of 4209211.
31, 135781
What are the prime factors of 36548?
2, 9137
What are the prime factors of 14484763?
701, 20663
List the prime factors of 11055843.
3, 199, 6173
What are the prime factors of 7176067?
619, 11593
List the prime factors of 686031.
3, 228677
List the prime factors of 13416.
2, 3, 13, 43
List the prime factors of 10146748.
2, 67, 37861
List the prime factors of 260933.
17, 15349
What are the prime factors of 168149?
181, 929
List the prime factors of 1818889.
19, 95731
List the prime factors of 2019090.
2, 3, 5, 17, 37, 107
List the prime factors of 13193976.
2, 3, 549749
List the prime factors of 1082205.
3, 5, 24049
What are the prime factors of 645026?
2, 322513
List the prime factors of 314587.
7, 13, 3457
List the prime factors of 531980.
2, 5, 67, 397
What are the prime factors of 283076?
2, 70769
List the prime factors of 1135996.
2, 89, 3191
List the prime factors of 3818670.
2, 3, 5, 127289
List the prime factors of 221938.
2, 110969
What are the prime factors of 15932326?
2, 31, 313, 821
List the prime factors of 21490664.
2, 13, 206641
What are the prime factors of 12114074?
2, 7, 17659
What are the prime factors of 1687506?
2, 3, 281251
What are the prime factors of 309668?
2, 77417
List the prime factors of 169447.
29, 5843
What are the prime factors of 300069?
3, 7, 11, 433
What are the prime factors of 290123?
223, 1301
List the prime factors of 2212220.
2, 5, 53, 2087
List the prime factors of 24700825.
5, 988033
What are the prime factors of 1287141?
3, 487, 881
List the prime factors of 1965203.
1965203
What are the prime factors of 231018?
2, 3, 139, 277
What are the prime factors of 614767?
23, 26729
List the prime factors of 381464.
2, 41, 1163
List the prime factors of 283210.
2, 5, 127, 223
List the prime factors of 27952.
2, 1747
What are the prime factors of 1565663?
11, 317, 449
List the prime factors of 2456946.
2, 3, 173, 263
What are the prime factors of 229557?
3, 76519
What are the prime factors of 225778?
2, 7, 16127
What are the prime factors of 1991701?
97, 20533
List the prime factors of 4704610.
2, 5, 470461
What are the prime factors of 14175570?
2, 3, 5, 83, 5693
What are the prime factors of 30243405?
3, 5, 43, 46889
What are the prime factors of 2946467?
2946467
What are the prime factors of 1549446?
2, 3, 258241
What are the prime factors of 8604578?
2, 397, 10837
List the prime factors of 135657.
3, 15073
List the prime factors of 16032937.
43, 372859
What are the prime factors of 1856838?
2, 3, 31, 67, 149
List the prime factors of 2138431.
19, 29, 3881
What are the prime factors of 702454?
2, 59, 5953
List the prime factors of 5307041.
233, 22777
What are the prime factors of 1363119?
3, 113, 4021
List the prime factors of 131377.
79, 1663
List the prime factors of 323697.
3, 11, 17, 577
List the prime factors of 1570506.
2, 3, 7, 61, 613
List the prime factors of 5249392.
2, 79, 4153
List the prime factors of 680884.
2, 17, 19, 31
List the prime factors of 581104.
2, 36319
List the prime factors of 1147266.
2, 3, 63737
List the prime factors of 18112866.
2, 3, 31, 97381
What are the prime factors of 11865566?
2, 67, 73, 1213
List the prime factors of 26002944.
2, 3, 11, 19
List the prime factors of 28158476.
2, 53, 317, 419
What are the prime factors of 1625987?
11, 53, 2789
List the prime factors of 1440132.
2, 3, 120011
What are the prime factors of 139809?
3, 29, 1607
What are the prime factors of 318045?
3, 5, 7, 13, 233
What are the prime factors of 7713009?
3, 285667
List the prime factors of 1402445.
5, 11, 43, 593
What are the prime factors of 4228031?
4228031
List the prime factors of 445909.
97, 4597
What are the prime factors of 240153?
3, 80051
List the prime factors of 1905227.
73, 26099
What are the prime factors of 3681748?
2, 7, 23, 5717
What are the prime factors of 269770?
2, 5, 53, 509
What are the prime factors of 887404?
2, 7, 41, 773
List the prime factors of 168604.
2, 61, 691
What are the prime factors of 814712?
2, 101839
List the prime factors of 151222.
2, 75611
List the prime factors of 827532.
2, 3, 127, 181
What are the prime factors of 3233?
53, 61
List the prime factors of 345172.
2, 86293
List the prime factors of 1174858.
2, 587429
List the prime factors of 1767388.
2, 7, 17, 47, 79
List the prime factors of 8614.
2, 59, 73
What are the prime factors of 9327859?
2269, 4111
What are the prime factors of 284862?
2, 3, 197, 241
What are the prime factors of 362899?
17, 21347
What are the prime factors of 113648?
2, 7103
List the prime factors of 102741.
3, 23, 1489
List the prime factors of 1788482.
2, 313, 2857
List the prime factors of 7675554.
2, 3, 683, 1873
List the prime factors of 2561942.
2, 457, 2803
What are the prime factors of 122291?
13, 23, 409
What are the prime factors of 11812264?
2, 41, 36013
List the prime factors of 220739.
71, 3109
List the prime factors of 3782457.
3, 7, 953
List the prime factors of 602930.
2, 5, 60293
What are the prime factors of 7499808?
2, 3, 26041
List the prime factors of 4158650.
2, 5, 31, 2683
List the prime factors of 5843165.
5, 19, 61507
What are the prime factors of 665775?
3, 5, 11, 269
List the prime factors of 26427147.
3, 8809049
What are the prime factors of 571168?
2, 13, 1373
What are the prime factors of 301782?
2, 3, 13, 53, 73
List the prime factors of 994250.
2, 5, 41, 97
List the prime factors of 913901.
709, 1289
What are the prime factors of 843069?
3, 281023
List the prime factors of 21944762.
2, 7, 1567483
List the prime factors of 102980.
2, 5, 19, 271
What are the prime factors of 69807?
3, 23269
List the prime factors of 92150.
2, 5, 19, 97
List the prime factors of 96515.
5, 97, 199
List the prime factors of 9858797.
13, 89, 8521
List the prime factors of 262996.
2, 37, 1777
What are the prime factors of 184238?
2, 92119
List the prime factors of 1608750.
2, 3, 5, 11, 13
What are the prime factors of 34094871?
3, 37, 34129
What are the prime factors of 12082310?
2, 5, 83, 14557
List the prime factors of 904489.
904489
What are the prime factors of 1104820?
2, 5, 37, 1493
What are the prime factors of 18375257?
41, 448177
What are the prime factors of 1083753?
3, 11, 41, 89
List the prime factors of 179919.
3, 19991
What are the prime factors of 17173948?
2, 11, 19, 20543
What are the prime factors of 239880?
2, 3, 5, 1999
What are the prime factors of 1476697?
41, 36017
List the prime factors of 152721.
3, 71, 239
What are the prime factors of 608893?
19, 73, 439
What are the prime factors of 505473?
3, 168491
List the prime factors of 224764.
2, 83, 677
List the prime factors of 79905.
3, 5, 7, 761
List the prime factors of 20934631.
1201, 17431
List the prime factors of 1736212.
2, 89, 4877
List the prime factors of 49104.
2, 3, 11, 31
What are the prime factors of 385359?
3, 13, 41, 241
List the prime factors of 4750418.
2, 19, 149, 839
List the prime factors of 3086389.
3086389
List the prime factors of 309948.
2, 3, 23, 1123
What are the prime factors of 229860?
2, 3, 5, 1277
What are the prime factors of 478173?
3, 19, 8389
List the prime factors of 85338.
2, 3, 11, 431
List the prime factors of 6717279.
3, 19, 191, 617
List the prime factors of 1901994.
2, 3, 17, 29, 643
List the prime factors of 194232.
2, 3, 8093
List the prime factors of 229903.
229903
List the prime factors of 6646436.
2, 719, 2311
What are the prime factors of 4912280?
2, 5, 227, 541
What are the prime factors of 259692?
2, 3, 17, 19, 67
List the prime factors of 1752849.
3, 7, 27823
List the prime factors of 442.
2, 13, 17
List the prime factors of 522293.
409, 1277
List the prime factors of 4796269.
1693, 2833
List the prime factors of 9765731.
23, 424597
List the prime